{"id":54,"date":"2011-03-02T09:56:51","date_gmt":"2011-03-02T09:56:51","guid":{"rendered":"http:\/\/www.kalfaoglu.net\/rotary\/?page_id=54"},"modified":"2019-07-12T10:41:16","modified_gmt":"2019-07-12T10:41:16","slug":"2004-2005-donemi","status":"publish","type":"page","link":"https:\/\/www.turgutlurotary.org\/yeni\/projelerimiz\/2004-2005-donemi\/","title":{"rendered":"2004-2005 D\u00f6nemi"},"content":{"rendered":"<p><span style=\"color: #0000ff; font-family: 'Arial Unicode MS';\"><strong>&#8221; ROTARY&#8217; N\u0130N 100. YILINI TURGUTLU&#8217;MUZA H\u0130ZMETLER\u0130M\u0130ZLE KUTLAYACA\u011eIZ&#8221;<\/strong><\/span><\/p>\n<p><img loading=\"lazy\" decoding=\"async\" src=\"http:\/\/www.turgutlurotary.org\/images\/2004c_theme_en.gif\" alt=\"\" width=\"139\" height=\"128\" border=\"0\" \/><\/p>\n<p><span style=\"color: #0000ff;\"><strong><span style=\"font-family: 'Arial Unicode MS';\">2<\/span><span style=\"font-family: 'Arial Unicode MS';\">004-2005 D\u00d6NEM BA\u015eKANI<\/span><\/strong><\/span><\/p>\n<p><img loading=\"lazy\" decoding=\"async\" src=\"http:\/\/www.turgutlurotary.org\/images\/100.yil%20bsk%20ve%20esi.jpg\" alt=\"\" width=\"165\" height=\"145\" border=\"0\" \/><\/p>\n<p><span style=\"color: #0000ff;\"><strong><span style=\"font-family: 'Arial Unicode MS';\">Rtn.Arif D\u00dcNDAR &#8211; \u015e\u00fckran D\u00dcNDAR <\/span><\/strong><\/span><\/p>\n<p><span style=\"color: #0000ff;\"><strong><span style=\"font-family: 'Arial Unicode MS';\">2440 D\u00d6NEM B\u00d6LGE GUVERN\u00d6R\u00dcM\u00dcZ RTN.ALTAN DO\u011eU<\/span><\/strong><\/span><\/p>\n<p><img loading=\"lazy\" decoding=\"async\" src=\"http:\/\/www.turgutlurotary.org\/images\/devir%20teslim%202005-3.jpg\" alt=\"\" width=\"248\" height=\"187\" border=\"0\" \/><\/p>\n<p>Ba\u015fkan\u0131m\u0131z 26 Haziran 2004 tarihinde \u00c7e\u015fme Kerasus Otel&#8217;de yap\u0131lan devir teslim t\u00f6reninde g\u00f6revi ge\u00e7mi\u015f d\u00f6nem ba\u015fkan\u0131m\u0131z Rtn.Kemal Nas&#8217;tan devrald\u0131.<\/p>\n<p><img loading=\"lazy\" decoding=\"async\" src=\"http:\/\/www.turgutlurotary.org\/images\/devir%20teslim%202005-1.jpg\" alt=\"\" width=\"243\" height=\"180\" border=\"0\" \/><\/p>\n<p>Yeni \u00fcyemiz Eczac\u0131 Rtn.G\u00fclay D\u00d6NMEZ ve E\u015fi Dr.Ayd\u0131n Bilal D\u00d6NMEZ rozetlerini ba\u015fkan\u0131m\u0131zdan ald\u0131lar. Kendilerine aram\u0131za ho\u015f geldiniz diyoruz.<\/p>\n<p><img loading=\"lazy\" decoding=\"async\" src=\"http:\/\/www.turgutlurotary.org\/images\/644._topl_4.jpg\" alt=\"\" width=\"247\" height=\"183\" border=\"0\" \/><\/p>\n<p>An\u0131tkabir gezisine g\u00f6nderdi\u011fimiz ba\u015far\u0131l\u0131 \u00f6\u011frencimiz G\u00fcls\u00fcm TA\u015ePINAR oray\u0131 g\u00f6r\u00fcnce atalar\u0131m\u0131z\u0131n fedakarl\u0131\u011f\u0131n\u0131 bir kez daha ya\u015fad\u0131k diyerek , b\u00fcy\u00fcy\u00fcnce doktor olmak ve Rotary &#8216;ye girerek insanlara yard\u0131m etmek istedi\u011fini belirtti.<\/p>\n<p><img loading=\"lazy\" decoding=\"async\" src=\"http:\/\/www.turgutlurotary.org\/images\/644.topl_meslek_toplu.jpg\" alt=\"\" width=\"268\" height=\"199\" border=\"0\" \/><\/p>\n<p>Meslek Hizmet \u00d6d\u00fclleri Ayakkab\u0131c\u0131 Ethem KARAKA\u015e ve Konserve sekt\u00f6r\u00fcne uzun s\u00fcre hizmet eden Hamza TURHAN&#8217;a verildi.<\/p>\n<p><img loading=\"lazy\" decoding=\"async\" src=\"http:\/\/www.turgutlurotary.org\/images\/636._sandalye_gulsah.jpg\" alt=\"\" width=\"267\" height=\"199\" border=\"0\" \/><\/p>\n<p>Engelli karde\u015fimiz G\u00fcl\u015fah KARABULUT tekerlekli sandalyesinde \u00e7ok mutlu g\u00f6r\u00fcn\u00fcyor.<\/p>\n<p><img loading=\"lazy\" decoding=\"async\" src=\"http:\/\/www.turgutlurotary.org\/images\/636._sandalye_3.jpg\" alt=\"\" width=\"269\" height=\"198\" border=\"0\" \/><\/p>\n<p>Sevgili Derya art\u0131k soka\u011fa \u00e7\u0131k\u0131p gezebilece\u011fi i\u00e7in bizlere te\u015fekk\u00fcr etti.<\/p>\n<p><img loading=\"lazy\" decoding=\"async\" src=\"http:\/\/www.turgutlurotary.org\/images\/636._sandalye_2.jpg\" alt=\"\" width=\"282\" height=\"211\" border=\"0\" \/><\/p>\n<p>Ali Osman belki bir i\u015f de bulurum diyerek sevgilerini sundu.<\/p>\n<p><img loading=\"lazy\" decoding=\"async\" src=\"http:\/\/www.turgutlurotary.org\/images\/636._sandalye_toplu.jpg\" alt=\"\" width=\"289\" height=\"215\" border=\"0\" \/><\/p>\n<p>6 Tekerlekli Sandalye sahibi ile birlikte hat\u0131ra foto\u011fraf\u0131 \u00e7ektirdik.<\/p>\n<p><img loading=\"lazy\" decoding=\"async\" src=\"http:\/\/www.turgutlurotary.org\/images\/650._topl_gm4.jpg\" alt=\"\" width=\"309\" height=\"233\" border=\"0\" \/><\/p>\n<p>Gen\u00e7lik Merkezi ne Ping Pong Masas\u0131 Hediye ettik.<\/p>\n<p><img loading=\"lazy\" decoding=\"async\" src=\"http:\/\/www.turgutlurotary.org\/images\/677._topl_engelliler2.jpg\" alt=\"\" width=\"309\" height=\"230\" border=\"0\" \/><\/p>\n<p>Engelliler derne\u011fi yarar\u0131na yap\u0131lan yeme\u011fe destek verdik.<\/p>\n<p><img loading=\"lazy\" decoding=\"async\" src=\"http:\/\/www.turgutlurotary.org\/images\/dikis_kursu2.jpg\" alt=\"\" width=\"320\" height=\"239\" border=\"0\" \/><\/p>\n<p>Hasta Bak\u0131m kursu organizasyonu ile 21 ki\u015fiye sertifika verdik.<\/p>\n<p><img loading=\"lazy\" decoding=\"async\" src=\"http:\/\/www.turgutlurotary.org\/images\/egitici_kursu_2005.jpg\" alt=\"\" width=\"315\" height=\"235\" border=\"0\" \/><\/p>\n<p>H\u0131zl\u0131 Okuma Yazma Projesi Kapsam\u0131nda E\u011fitici kursu d\u00fczenledik.<\/p>\n<p><img loading=\"lazy\" decoding=\"async\" src=\"http:\/\/www.turgutlurotary.org\/images\/koye_guv_ziyrt6.jpg\" alt=\"\" width=\"320\" height=\"240\" border=\"0\" \/><\/p>\n<p><img loading=\"lazy\" decoding=\"async\" src=\"http:\/\/www.turgutlurotary.org\/images\/koye_guv_ziyrt4.jpg\" alt=\"\" width=\"320\" height=\"240\" border=\"0\" \/><\/p>\n<p>Uluslararas\u0131 ba\u015fkan\u0131n temsilcisi okuma yazma kurslar\u0131m\u0131z\u0131 denetledi ve bizlere te\u015fekk\u00fcr etti.<\/p>\n<p><img loading=\"lazy\" decoding=\"async\" src=\"http:\/\/www.turgutlurotary.org\/images\/kurulus_yildonumu_2005_009.jpg\" alt=\"\" width=\"325\" height=\"242\" border=\"0\" \/><\/p>\n<p>13. Kurulu\u015f Y\u0131ld\u00f6n\u00fcm\u00fcm\u00fczde 2 si bayan 4 yeni \u00fcyemiz ile kul\u00fcb\u00fcm\u00fcze kan geldi.<\/p>\n<p><img loading=\"lazy\" decoding=\"async\" src=\"http:\/\/www.turgutlurotary.org\/images\/meslekler_semineri2.jpg\" alt=\"\" width=\"335\" height=\"250\" border=\"0\" \/><\/p>\n<p>Meslekler Semineri&#8217;ni organize ettik ve lise \u00f6\u011frencilerini bilgilendirdik.<\/p>\n<p><img loading=\"lazy\" decoding=\"async\" src=\"http:\/\/www.turgutlurotary.org\/images\/okullara_soba_prj.jpg\" alt=\"\" width=\"328\" height=\"246\" border=\"0\" \/><\/p>\n<p>Sobas\u0131 olmayan bir okulu sobalarla donatt\u0131k.<\/p>\n<p><img loading=\"lazy\" decoding=\"async\" src=\"http:\/\/www.turgutlurotary.org\/images\/piknik_cesme2.jpg\" alt=\"\" width=\"331\" height=\"249\" border=\"0\" \/><\/p>\n<p>\u00c7e\u015fme Rotary Kul\u00fcb\u00fc ile ortak piknik d\u00fczenledik ve onlar\u0131 Turgutlu&#8217;da a\u011f\u0131rlad\u0131k<\/p>\n<p><img loading=\"lazy\" decoding=\"async\" src=\"http:\/\/www.turgutlurotary.org\/images\/urganli_tarama1.jpg\" alt=\"\" width=\"331\" height=\"248\" border=\"0\" \/><\/p>\n<p><img loading=\"lazy\" decoding=\"async\" src=\"http:\/\/www.turgutlurotary.org\/images\/urganli_tarama_gokhan.jpg\" alt=\"\" width=\"331\" height=\"245\" border=\"0\" \/><\/p>\n<p>Urganl\u0131 daki okuma yazma kursunda sa\u011fl\u0131k taramas\u0131 yapt\u0131k.<\/p>\n<p><img loading=\"lazy\" decoding=\"async\" src=\"http:\/\/www.turgutlurotary.org\/images\/rotary_077.jpg\" alt=\"\" width=\"334\" height=\"248\" border=\"0\" \/><\/p>\n<p>D\u00f6nem sonunda da \u00f6d\u00fclleri kapt\u0131k.<\/p>\n<p><strong>2004-2005 D\u00f6nemi.<\/strong><\/p>\n","protected":false},"excerpt":{"rendered":"<p>&#8221; ROTARY&#8217; N\u0130N 100. YILINI TURGUTLU&#8217;MUZA H\u0130ZMETLER\u0130M\u0130ZLE KUTLAYACA\u011eIZ&#8221; 2004-2005 D\u00d6NEM BA\u015eKANI Rtn.Arif D\u00dcNDAR &#8211; \u015e\u00fckran D\u00dcNDAR 2440 D\u00d6NEM B\u00d6LGE GUVERN\u00d6R\u00dcM\u00dcZ RTN.ALTAN DO\u011eU Ba\u015fkan\u0131m\u0131z 26 Haziran 2004 tarihinde \u00c7e\u015fme Kerasus Otel&#8217;de yap\u0131lan devir teslim t\u00f6reninde g\u00f6revi ge\u00e7mi\u015f d\u00f6nem ba\u015fkan\u0131m\u0131z Rtn.Kemal Nas&#8217;tan devrald\u0131. Yeni \u00fcyemiz Eczac\u0131 Rtn.G\u00fclay D\u00d6NMEZ ve E\u015fi Dr.Ayd\u0131n Bilal D\u00d6NMEZ rozetlerini ba\u015fkan\u0131m\u0131zdan ald\u0131lar. Kendilerine [&hellip;]<\/p>\n","protected":false},"author":8,"featured_media":0,"parent":41,"menu_order":96,"comment_status":"closed","ping_status":"closed","template":"","meta":{"footnotes":""},"class_list":["post-54","page","type-page","status-publish","hentry"],"_links":{"self":[{"href":"https:\/\/www.turgutlurotary.org\/yeni\/wp-json\/wp\/v2\/pages\/54","targetHints":{"allow":["GET"]}}],"collection":[{"href":"https:\/\/www.turgutlurotary.org\/yeni\/wp-json\/wp\/v2\/pages"}],"about":[{"href":"https:\/\/www.turgutlurotary.org\/yeni\/wp-json\/wp\/v2\/types\/page"}],"author":[{"embeddable":true,"href":"https:\/\/www.turgutlurotary.org\/yeni\/wp-json\/wp\/v2\/users\/8"}],"replies":[{"embeddable":true,"href":"https:\/\/www.turgutlurotary.org\/yeni\/wp-json\/wp\/v2\/comments?post=54"}],"version-history":[{"count":6,"href":"https:\/\/www.turgutlurotary.org\/yeni\/wp-json\/wp\/v2\/pages\/54\/revisions"}],"predecessor-version":[{"id":719,"href":"https:\/\/www.turgutlurotary.org\/yeni\/wp-json\/wp\/v2\/pages\/54\/revisions\/719"}],"up":[{"embeddable":true,"href":"https:\/\/www.turgutlurotary.org\/yeni\/wp-json\/wp\/v2\/pages\/41"}],"wp:attachment":[{"href":"https:\/\/www.turgutlurotary.org\/yeni\/wp-json\/wp\/v2\/media?parent=54"}],"curies":[{"name":"wp","href":"https:\/\/api.w.org\/{rel}","templated":true}]}}