{"id":48,"date":"2011-03-02T09:55:01","date_gmt":"2011-03-02T09:55:01","guid":{"rendered":"http:\/\/www.kalfaoglu.net\/rotary\/?page_id=48"},"modified":"2019-07-12T10:36:26","modified_gmt":"2019-07-12T10:36:26","slug":"2002-2003-donemi","status":"publish","type":"page","link":"https:\/\/www.turgutlurotary.org\/yeni\/projelerimiz\/2002-2003-donemi\/","title":{"rendered":"2002-2003 D\u00f6nemi"},"content":{"rendered":"<p><strong><span style=\"color: #ffff00; font-family: Comic Sans MS; font-size: small;\"><span style=\"color: #000080;\">2<\/span><span style=\"color: #0000ff;\">002-2003 ROTARY D\u00d6NEM FAAL\u0130YETLER\u0130 VE PROJELER\u0130M\u0130Z<\/span><\/span><\/strong><\/p>\n<p><span style=\"font-size: xx-small;\"> <img loading=\"lazy\" decoding=\"async\" src=\"http:\/\/www.turgutlurotary.org\/images\/T02-color-EN_small_display.gif\" alt=\"\" width=\"75\" height=\"77\" border=\"0\" \/><\/span><\/p>\n<p><span style=\"color: #ff0000;\"><strong><span style=\"font-family: Arial; font-size: small;\">&#8220;SEVG\u0130 TOHUMLARI EK\u0130N\u0130Z&#8221; <\/span><\/strong><\/span><\/p>\n<p><span style=\"color: #ff0000;\"><strong><span style=\"font-family: Arial; font-size: small;\">2440. B\u00d6LGE D\u00d6NEM GUVERN\u00d6R\u00dc RTN.FAHRETT\u0130N MAC\u0130T<\/span><\/strong><\/span><\/p>\n<p><strong><span style=\"font-family: Tahoma; font-size: xx-small;\">2002-2003 Rotary D\u00f6neminde Ba\u015fkan\u0131m\u0131z Rtn.Mustafa Ety\u00fczen , kul\u00fcb\u00fcm\u00fcz\u00fc ziyareti s\u0131ras\u0131nda 6.Grup Guvern\u00f6r yard\u0131mc\u0131m\u0131z Rtn.Erdo\u011fan \u00c7i\u00e7ek\u00e7i&#8217;ye kul\u00fcp bayra\u011f\u0131m\u0131z\u0131 sunarken.<\/span><\/strong><\/p>\n<p><span style=\"font-size: xx-small;\"><img loading=\"lazy\" decoding=\"async\" src=\"http:\/\/www.turgutlurotary.org\/images\/guv_yrd_2003.jpg\" alt=\"\" width=\"237\" height=\"339\" border=\"0\" \/><\/span><\/p>\n<p><span style=\"font-size: xx-small;\"> Bu d\u00f6nem y\u00f6netim kurulu \u00fcyelerimiz.<\/span><\/p>\n<p><span style=\"font-size: xx-small;\"><img loading=\"lazy\" decoding=\"async\" src=\"http:\/\/www.turgutlurotary.org\/images\/2003-yonetim.jpg\" alt=\"\" width=\"272\" height=\"203\" border=\"0\" \/><\/span><\/p>\n<p><span style=\"font-size: xx-small;\">Ba\u015fkan\u0131m\u0131z \u0130lk Toplant\u0131da konu\u015fmas\u0131n\u0131 yaparken<\/span><\/p>\n<p><span style=\"font-size: xx-small;\"><img loading=\"lazy\" decoding=\"async\" src=\"http:\/\/www.turgutlurotary.org\/images\/2003-_523.jpg\" alt=\"\" width=\"271\" height=\"203\" border=\"0\" \/><\/span><\/p>\n<p><span style=\"font-size: xx-small;\">Konu\u015fmac\u0131 Konu\u011fumuz<\/span><\/p>\n<p><span style=\"font-size: xx-small;\"><img loading=\"lazy\" decoding=\"async\" src=\"http:\/\/www.turgutlurotary.org\/images\/552.TOPLANTI_jpg.jpg\" alt=\"\" width=\"300\" height=\"225\" border=\"0\" \/><\/span><\/p>\n<p><span style=\"font-size: xx-small;\">Turgutlu Huzurevi Ziyareti<\/span><\/p>\n<p><span style=\"font-size: xx-small;\"><img loading=\"lazy\" decoding=\"async\" src=\"http:\/\/www.turgutlurotary.org\/images\/huzurevi1.jpg\" alt=\"\" width=\"300\" height=\"227\" border=\"0\" \/><\/span><\/p>\n<p><span style=\"font-size: xx-small;\">Huzurevinde ya\u015fl\u0131lar\u0131m\u0131za ihtiya\u00e7lar\u0131n\u0131 temin ettik.<\/span><\/p>\n<p><span style=\"font-size: xx-small;\"><img loading=\"lazy\" decoding=\"async\" src=\"http:\/\/www.turgutlurotary.org\/images\/huzurevi2.jpg\" alt=\"\" width=\"299\" height=\"226\" border=\"0\" \/><\/span><\/p>\n<p><span style=\"font-size: xx-small;\">2001-02 GIM Tak\u0131m Lideri Rtn. G\u00fcne\u015f ERTA\u015e bize an\u0131lar\u0131n\u0131 anlatt\u0131.<\/span><\/p>\n<p><span style=\"font-size: xx-small;\"><img loading=\"lazy\" decoding=\"async\" src=\"http:\/\/www.turgutlurotary.org\/images\/536.jpg\" alt=\"\" width=\"324\" height=\"243\" border=\"0\" \/><\/span><\/p>\n<p><span style=\"font-size: xx-small;\"><img loading=\"lazy\" decoding=\"async\" src=\"http:\/\/www.turgutlurotary.org\/images\/536.jpg2.jpg\" alt=\"\" width=\"324\" height=\"242\" border=\"0\" \/><\/span><\/p>\n<p><span style=\"font-size: xx-small;\">TUKDER (T\u00fcrkiye Tu\u011fla ve Kiremit \u00dcreticileri Derne\u011fi) Ba\u015fkan\u0131 Kadir Ba\u015fo\u011flu konu\u015fmac\u0131m\u0131zd\u0131.<\/span><\/p>\n<p><span style=\"font-size: xx-small;\"><img loading=\"lazy\" decoding=\"async\" src=\"http:\/\/www.turgutlurotary.org\/images\/539_tukder2.jpg\" alt=\"\" width=\"334\" height=\"252\" border=\"0\" \/><\/span><\/p>\n<p><span style=\"font-size: xx-small;\">Anne s\u00fct\u00fcn\u00fcn yararlar\u0131\u00a0 konusunda halk\u0131m\u0131z\u0131 bilin\u00e7lendirmeye y\u00f6nelik bro\u015f\u00fcrlerimizi t\u00fcm Turgutlu&#8217;ya ve k\u00f6ylerine da\u011f\u0131tt\u0131k. Sa\u011fl\u0131k ocaklar\u0131 i\u00e7in a\u015f\u0131 kartlar\u0131 bast\u0131rarak a\u015f\u0131 takiplerinin yap\u0131lmas\u0131n\u0131 sa\u011flad\u0131k.<\/span><\/p>\n<p><span style=\"font-size: xx-small;\"><img loading=\"lazy\" decoding=\"async\" src=\"http:\/\/www.turgutlurotary.org\/images\/anne_sutu_prj.jpg\" alt=\"\" width=\"335\" height=\"274\" border=\"0\" \/><\/span><\/p>\n<p><span style=\"font-size: xx-small;\"><img loading=\"lazy\" decoding=\"async\" src=\"http:\/\/www.turgutlurotary.org\/images\/anne_sutu.jpg\" alt=\"\" width=\"343\" height=\"298\" border=\"0\" \/><\/span><\/p>\n<p><span style=\"font-size: xx-small;\"><img loading=\"lazy\" decoding=\"async\" src=\"http:\/\/www.turgutlurotary.org\/images\/kan_karti.jpg\" alt=\"\" width=\"169\" height=\"235\" border=\"0\" \/><img loading=\"lazy\" decoding=\"async\" src=\"http:\/\/www.turgutlurotary.org\/images\/tetanoz_karti.jpg\" alt=\"\" width=\"232\" height=\"164\" border=\"0\" \/><\/span><\/p>\n<p><span style=\"font-size: xx-small;\">Kaymakam\u0131m\u0131z Say\u0131n Ahmet MACUNO\u011eLU&#8217;nun elinden okulumuza katk\u0131lar\u0131m\u0131z nedeniyle bir plaket ald\u0131k.<\/span><\/p>\n<p><span style=\"font-size: xx-small;\"><img loading=\"lazy\" decoding=\"async\" src=\"http:\/\/www.turgutlurotary.org\/images\/okul_plaket1.jpg\" alt=\"\" width=\"238\" height=\"335\" border=\"0\" \/><\/span><\/p>\n<p><span style=\"font-size: xx-small;\">Okulumuza daima destek s\u00f6z\u00fc verdik.<\/span><\/p>\n<p><span style=\"font-size: xx-small;\"><img loading=\"lazy\" decoding=\"async\" src=\"http:\/\/www.turgutlurotary.org\/images\/okul_plaket2.jpg\" alt=\"\" width=\"361\" height=\"241\" border=\"0\" \/><\/span><\/p>\n<p><span style=\"font-size: xx-small;\">I\u015eIK PROJES\u0130 Kapsam\u0131nda B\u00f6lgemizde yap\u0131lan ilk b\u00fcy\u00fck \u00e7apl\u0131 e\u011fitimci kursunu kul\u00fcb\u00fcm\u00fcz organize etti ve 40 e\u011fitimci bu kurstan mezun oldular. Bu ayn\u0131 zamanda okuma yazma kurslar\u0131n\u0131n ba\u015flang\u0131c\u0131 idi.<\/span><\/p>\n<p><span style=\"font-size: xx-small;\"><img loading=\"lazy\" decoding=\"async\" src=\"http:\/\/www.turgutlurotary.org\/images\/isik_projesi_egitimci_kursu1.jpg\" alt=\"\" width=\"286\" height=\"187\" border=\"0\" \/><\/span><\/p>\n<p><span style=\"font-size: xx-small;\">Okuma yazma kurslar\u0131 bize f\u0131rsat yaratt\u0131 ve gelen \u00f6\u011frenciler sa\u011fl\u0131k taramas\u0131ndan da ge\u00e7irildiler. Rtn.G\u00f6khan G\u00d6R\u00c7\u0130Z ve Rtn.A.Nihat DABAKO\u011eLU sa\u011fl\u0131k taramas\u0131nda g\u00f6r\u00fcl\u00fcyor.<\/span><\/p>\n<p><span style=\"font-size: xx-small;\"><img loading=\"lazy\" decoding=\"async\" src=\"http:\/\/www.turgutlurotary.org\/images\/saglik_taramasi_2.jpg\" alt=\"\" width=\"319\" height=\"197\" border=\"0\" \/> <\/span><\/p>\n<p><span style=\"font-size: xx-small;\">Kursiyerlere ilk ilkokul diplomalar\u0131 Kaymakam\u0131m\u0131z ve bizim en b\u00fcy\u00fck destek\u00e7imiz Sn.Ahmet MACUNLUO\u011eLU eliyle verildi.<\/span><\/p>\n<p><span style=\"font-size: xx-small;\"><img loading=\"lazy\" decoding=\"async\" src=\"http:\/\/www.turgutlurotary.org\/images\/kurs_diploma_toreni.jpg\" alt=\"\" width=\"316\" height=\"187\" border=\"0\" \/><\/span><\/p>\n<p><span style=\"font-size: xx-small;\">Turgutlu&#8217;da kalan son semerci ustam\u0131za meslek hizmet \u00f6d\u00fcl\u00fc verdik.<\/span><\/p>\n<p><span style=\"font-size: xx-small;\"><img loading=\"lazy\" decoding=\"async\" src=\"http:\/\/www.turgutlurotary.org\/images\/meslek_odulu_2003.jpg\" alt=\"\" width=\"260\" height=\"166\" border=\"0\" \/><\/span><\/p>\n<p><span style=\"font-size: xx-small;\">Yine son nalbant\u0131m\u0131z ba\u015fkan\u0131m\u0131z\u0131n elinden meslek hizmet \u00f6d\u00fcl\u00fcn\u00fc ald\u0131.<\/span><\/p>\n<p><span style=\"font-size: xx-small;\"><img loading=\"lazy\" decoding=\"async\" src=\"http:\/\/www.turgutlurotary.org\/images\/nalcilik_meslek_odulu.jpg\" alt=\"\" width=\"317\" height=\"194\" border=\"0\" \/><\/span><\/p>\n<p><span style=\"font-size: xx-small;\">Firdevs G\u00fcler \u00d6z\u00fcrl\u00fcler Okulu kul\u00fcb\u00fcm\u00fcz\u00fcn projesi ile harika bir marangoz at\u00f6lyesine kavu\u015ftu.<\/span><\/p>\n<p><span style=\"font-size: xx-small;\"><img loading=\"lazy\" decoding=\"async\" src=\"http:\/\/www.turgutlurotary.org\/images\/marangoz_atolyesi1.jpg\" alt=\"\" width=\"305\" height=\"229\" border=\"0\" \/><\/span><\/p>\n<p><span style=\"font-size: xx-small;\">B\u00f6ylece D\u00f6nemimiz sona erdi ama sanmay\u0131n ki sadece bunlar\u0131 yapt\u0131k.Bunlar sadece buraya s\u0131\u011fd\u0131rabildiklerimiz. A\u015fa\u011f\u0131daki listede projelerimizin bir d\u00f6k\u00fcm\u00fcn\u00fc bulabilirsiniz.<\/span><\/p>\n<h1><strong><span style=\"font-size: xx-small;\"><span style=\"color: #66ccff;\">TURGUTLU ROTARY KUL\u00dcB\u00dc <\/span> <\/span> <\/strong><\/h1>\n<h1><span style=\"color: #000000;\"><strong><span style=\"font-size: xx-small;\">YILLIK FAAL\u0130YET\u00a0 RAPORU<\/span><\/strong><\/span><\/h1>\n<h1><span style=\"color: #000000;\"><strong><span style=\"font-size: xx-small;\">(2002-2003 D\u00f6nemi)<\/span><\/strong><\/span><\/h1>\n<p><span style=\"color: #000000;\"><strong><span style=\"font-size: xx-small;\">1.Turgutlu Irlamaz K\u00f6y\u00fc ilk\u00f6\u011fretim okuluna 2500 adet y\u0131\u011fma tu\u011fla ba\u011f\u0131\u015fland\u0131. <\/span><\/strong><\/span><\/p>\n<p><span style=\"color: #000000;\"><strong><span style=\"font-size: xx-small;\"> 2.Turgutlu 1 Nolu Sa\u011fl\u0131k oca\u011f\u0131 ile i\u015fbirli\u011fi yap\u0131larak 5000 adet Anne s\u00fct\u00fcn\u00fcn\u00a0\u00a0 \u00f6nemini anlatan bro\u015f\u00fcr, bebek a\u015f\u0131 kart\u0131 ve Kan gurubu kart\u0131 bast\u0131r\u0131ld\u0131 ve b\u00fct\u00fcn\u00a0\u00a0 sa\u011fl\u0131k ocaklar\u0131 vas\u0131tas\u0131yla t\u00fcm annelere ula\u015f\u0131ld\u0131. <\/span> <\/strong><\/span><\/p>\n<p><span style=\"color: #000000;\"><strong><span style=\"font-size: xx-small;\"> 3.Turgutlu\u00a0 Rotary \u0130lk\u00f6\u011fretim Okulunun ihtiyac\u0131 olan Komple Bando Tak\u0131m\u0131\u00a0 okulumuza kazand\u0131r\u0131ld\u0131. \u00d6\u011frencilerimiz art\u0131k bayramlarda sessiz de\u011fil. <\/span> <\/strong><\/span><\/p>\n<p><span style=\"color: #000000;\"><strong><span style=\"font-size: xx-small;\"> 4.Turgutlu Rotary \u0130lk\u00f6\u011fretim okulunun Basketbol ve Futbol tak\u0131mlar\u0131n\u0131n komple\u00a0\u00a0 formalar\u0131 temin edildi. Ayr\u0131ca b\u00fct\u00fcn spor malzeme eksikleri giderildi. <\/span> <\/strong><\/span><\/p>\n<p><span style=\"color: #000000;\"><strong><span style=\"font-size: xx-small;\"> 5.\u015eeker Bayram\u0131ndan \u00f6nce 61 yoksul \u00f6\u011frenciye ayakkab\u0131 al\u0131nd\u0131 ve da\u011f\u0131t\u0131ld\u0131. <\/span> <\/strong><\/span><\/p>\n<p><span style=\"color: #000000;\"><strong><span style=\"font-size: xx-small;\"> 6.\u0130lkokullar aras\u0131 Kompozisyon yar\u0131\u015fmas\u0131 d\u00fczenlendi. Dereceye girenlere parasal\u00a0\u00a0 \u00f6d\u00fcl verildi. Ayr\u0131ca Yar\u0131\u015fmay\u0131 Kazanan \u00f6\u011frencilerin \u00f6\u011fretmenlerine hediyeler\u00a0\u00a0 verildi. <\/span> <\/strong><\/span><\/p>\n<p><span style=\"color: #000000;\"><strong><span style=\"font-size: xx-small;\"> 7.Ya\u015fl\u0131lar Haftas\u0131nda toplant\u0131m\u0131z huzurevinde yap\u0131ld\u0131 b\u00fct\u00fcn huzurevi sakinlerine\u00a0 \u00e7e\u015fitli giyecekler hediye edildi. Ya\u015fl\u0131lar\u0131m\u0131z\u0131 unutmad\u0131\u011f\u0131m\u0131z\u0131 onlara\u00a0 hissettirdik. <\/span> <\/strong><\/span><\/p>\n<p><span style=\"color: #000000;\"><strong><span style=\"font-size: xx-small;\"> 8. 3h\u00a0 projesi kapsam\u0131nda 6 \u00f6\u011fretmenimiz seminere g\u00f6nderildi ve 1 adet okuma yazma\u00a0 kursu d\u00fczenlendi, kursumuz \u00e7ok ba\u015far\u0131l\u0131 ge\u00e7ti. <\/span> <\/strong><\/span><\/p>\n<p><span style=\"color: #000000;\"><strong><span style=\"font-size: xx-small;\"> 9. 1 \u00fcniversite \u00f6\u011frencisinin okula ilk kay\u0131t , kitap , ula\u015f\u0131m giderlerini kul\u00fcb\u00fcm\u00fcz\u00a0 taraf\u0131ndan\u00a0 kar\u015f\u0131land\u0131. <\/span> <\/strong><\/span><\/p>\n<p><span style=\"color: #000000;\"><strong><span style=\"font-size: xx-small;\"> 10. Turgutlu Rotary \u0130lk\u00f6\u011fretim okuluna ihtiya\u00e7lar\u0131 bulunan 1 adet Bilgisayar teslim edildi. <\/span> <\/strong><\/span><\/p>\n<p><span style=\"color: #000000;\"><strong><span style=\"font-size: xx-small;\"> 11. Turgutlu Rotary Kul\u00fcb\u00fcn\u00fcn eksi\u011fi olan kul\u00fcp ar\u015fivi ve b\u00fcrosu olu\u015fturuldu. <\/span> <\/strong><\/span><\/p>\n<p><span style=\"color: #000000;\"><strong><span style=\"font-size: xx-small;\"> 12. 3h projesi kapsam\u0131nda Turgutluda bir \u00f6\u011fretmen e\u011fitim semineri d\u00fczenlendi.<\/span><span style=\"font-size: xx-small;\">Bu e\u011fitim semineri Halk E\u011fitim Merkezi-Kaymakaml\u0131k-Milli E\u011fitim M\u00fcd\u00fcrl\u00fc\u011f\u00fc \u0130\u015fbirli\u011fi ile b\u00fcy\u00fck bir kampanyaya d\u00f6n\u00fc\u015ft\u00fc ve 22-23 \u015eubatta 65 \u00f6\u011fretmen\u00a0 koye\u00a0 seminerine kat\u0131ld\u0131. Turgutluda okuma-yazma bilmeyenlerin oran\u0131 b\u00fcy\u00fck\u00a0\u00a0 oranda d\u00fc\u015fecektir. <\/span><\/strong><\/span><\/p>\n<p><span style=\"color: #000000;\"><strong><span style=\"font-size: xx-small;\"> 13.Seminerden\u00a0 sonra 22 adet kolayla\u015ft\u0131r\u0131lm\u0131\u015f okuma yazma kursu a\u00e7t\u0131k.Toplam 423\u00a0 ki\u015filik kat\u0131l\u0131mla Turgutluda tarihinin 2.b\u00fcy\u00fck okuma yazma seferberli\u011fi\u00a0 sayemizde\u00a0 ger\u00e7ekle\u015fti. B\u00fcy\u00fck gurur duyduk. <\/span> <\/strong><\/span><\/p>\n<p><span style=\"color: #000000;\"><strong><span style=\"font-size: xx-small;\"> 14. Bu kurslar\u0131n b\u00fct\u00fcn teknik malzemeleri, k\u0131rtasiyeleri\u00a0 temin edildi. <\/span> <\/strong><\/span><\/p>\n<p><span style=\"color: #000000;\"><strong><span style=\"font-size: xx-small;\"> 15. Kurs M\u00fcddetince kursiyerlere \u00e7e\u015fitli sa\u011fl\u0131k taramalar\u0131 yap\u0131ld\u0131. <\/span> <\/strong><\/span><\/p>\n<p><span style=\"color: #000000;\"><strong><span style=\"font-size: xx-small;\"> 16. Turgutlu Rotary ilk\u00f6\u011fretim okulunun bah\u00e7esi a\u011fa\u00e7land\u0131r\u0131ld\u0131. <\/span> <\/strong><\/span><\/p>\n<p><span style=\"color: #000000;\"><strong><span style=\"font-size: xx-small;\"> 17. Nesli t\u00fckenen mesleklerini halen s\u00fcrd\u00fcrmekte olan 1 Semerci ve 1 Nalbanta\u00a0 Meslek hizmetleri \u00f6d\u00fcl\u00fc verildi. <\/span> <\/strong><\/span><\/p>\n<p><span style=\"color: #000000;\"><strong><span style=\"font-size: xx-small;\"> 18. Turgutlu Rotary sinin kurulu\u015fundan bu yana yapm\u0131\u015f oldu\u011fu etkinlikler b\u00fct\u00fcn eski\u00a0\u00a0 ba\u015fkanlarla g\u00f6r\u00fc\u015f\u00fclerek derlendi ve cd haline d\u00f6n\u00fc\u015ft\u00fcr\u00fcld\u00fc, Bunlar web sitemize de\u00a0 ta\u015f\u0131nd\u0131. <\/span> <\/strong><\/span><\/p>\n<p><span style=\"color: #000000;\"><strong><span style=\"font-size: xx-small;\"> 19. Engellenebilir k\u00f6rl\u00fckle ilgili e\u011fitim seminerleri d\u00fczenlendi. <\/span> <\/strong><\/span><\/p>\n<p><span style=\"color: #000000;\"><strong><span style=\"font-size: xx-small;\"> 20. Rotary gecesi d\u00fczenlendi 300 ki\u015filik kat\u0131l\u0131m sa\u011fland\u0131. Geliriyle Turgutlu Rotary \u0130lk\u00f6\u011fretim okulunun bah\u00e7e duvarlar\u0131na demir korkuluk yap\u0131ld\u0131. <\/span> <\/strong><\/span><\/p>\n<p><span style=\"color: #000000;\"><strong><span style=\"font-size: xx-small;\">21. Geleneksel hale gelen kan ba\u011f\u0131\u015f\u0131 kampanyam\u0131z bu y\u0131lda yap\u0131ld\u0131. <\/span> <\/strong><\/span><\/p>\n<p><span style=\"color: #000000;\"><strong><span style=\"font-size: xx-small;\"> 22. E\u015flerimiz kendi aralar\u0131nda olu\u015fturduklar\u0131 kaynakla \u00d6z\u00fcrl\u00fcler okuluna marangoz at\u00f6lyesi yapt\u0131rd\u0131lar.At\u00f6lyenin b\u00fct\u00fcn ara\u00e7 gere\u00e7lerini ald\u0131lar. <\/span> <\/strong><\/span><\/p>\n<p><span style=\"color: #000000;\"><strong><span style=\"font-size: xx-small;\"> 23. L\u00f6semi hastas\u0131 bir gen\u00e7 k\u0131z\u0131m\u0131za kul\u00fcp b\u00fct\u00e7emizden yard\u0131m sa\u011flad\u0131k. <\/span> <\/strong><\/span><\/p>\n<p><span style=\"color: #000000;\"><strong><span style=\"font-size: xx-small;\"> 24. B\u00fct\u00fcn resmi bayramlarda kul\u00fcb\u00fcm\u00fcz\u00fc temsilen t\u00f6renlere kat\u0131ld\u0131k. <\/span> <\/strong><\/span><\/p>\n<p><span style=\"color: #000000;\"><strong><span style=\"font-size: xx-small;\">25. Her hafta kul\u00fcp b\u00fcltenimiz bas\u0131ld\u0131 ve\u00a0 70 ki\u015fiye da\u011f\u0131t\u0131ld\u0131.Ayr\u0131ca b\u00fcltenimiz\u00a0 mail yoluyla b\u00fct\u00fcn b\u00f6lgemize g\u00f6nderildi. <\/span> <\/strong><\/span><\/p>\n<p><span style=\"color: #000000;\"><strong><span style=\"font-size: xx-small;\"> 26. Uluslararas\u0131 Polio plus projesine katk\u0131 sa\u011fland\u0131. <\/span> <\/strong><\/span><\/p>\n<p><span style=\"color: #000000;\"><strong> <span style=\"font-size: xx-small;\">2002-2003 D\u00f6nem Ba\u015fkan\u0131 <\/span> <\/strong><\/span><\/p>\n<p><span style=\"color: #000000;\"> <strong><span style=\"font-size: xx-small;\">Rtn.Mustafa Ety\u00fczen<\/span><\/strong><\/span><\/p>\n","protected":false},"excerpt":{"rendered":"<p>2002-2003 ROTARY D\u00d6NEM FAAL\u0130YETLER\u0130 VE PROJELER\u0130M\u0130Z &#8220;SEVG\u0130 TOHUMLARI EK\u0130N\u0130Z&#8221; 2440. B\u00d6LGE D\u00d6NEM GUVERN\u00d6R\u00dc RTN.FAHRETT\u0130N MAC\u0130T 2002-2003 Rotary D\u00f6neminde Ba\u015fkan\u0131m\u0131z Rtn.Mustafa Ety\u00fczen , kul\u00fcb\u00fcm\u00fcz\u00fc ziyareti s\u0131ras\u0131nda 6.Grup Guvern\u00f6r yard\u0131mc\u0131m\u0131z Rtn.Erdo\u011fan \u00c7i\u00e7ek\u00e7i&#8217;ye kul\u00fcp bayra\u011f\u0131m\u0131z\u0131 sunarken. Bu d\u00f6nem y\u00f6netim kurulu \u00fcyelerimiz. Ba\u015fkan\u0131m\u0131z \u0130lk Toplant\u0131da konu\u015fmas\u0131n\u0131 yaparken Konu\u015fmac\u0131 Konu\u011fumuz Turgutlu Huzurevi Ziyareti Huzurevinde ya\u015fl\u0131lar\u0131m\u0131za ihtiya\u00e7lar\u0131n\u0131 temin ettik. 2001-02 GIM [&hellip;]<\/p>\n","protected":false},"author":8,"featured_media":0,"parent":41,"menu_order":98,"comment_status":"closed","ping_status":"closed","template":"","meta":{"footnotes":""},"class_list":["post-48","page","type-page","status-publish","hentry"],"_links":{"self":[{"href":"https:\/\/www.turgutlurotary.org\/yeni\/wp-json\/wp\/v2\/pages\/48","targetHints":{"allow":["GET"]}}],"collection":[{"href":"https:\/\/www.turgutlurotary.org\/yeni\/wp-json\/wp\/v2\/pages"}],"about":[{"href":"https:\/\/www.turgutlurotary.org\/yeni\/wp-json\/wp\/v2\/types\/page"}],"author":[{"embeddable":true,"href":"https:\/\/www.turgutlurotary.org\/yeni\/wp-json\/wp\/v2\/users\/8"}],"replies":[{"embeddable":true,"href":"https:\/\/www.turgutlurotary.org\/yeni\/wp-json\/wp\/v2\/comments?post=48"}],"version-history":[{"count":7,"href":"https:\/\/www.turgutlurotary.org\/yeni\/wp-json\/wp\/v2\/pages\/48\/revisions"}],"predecessor-version":[{"id":716,"href":"https:\/\/www.turgutlurotary.org\/yeni\/wp-json\/wp\/v2\/pages\/48\/revisions\/716"}],"up":[{"embeddable":true,"href":"https:\/\/www.turgutlurotary.org\/yeni\/wp-json\/wp\/v2\/pages\/41"}],"wp:attachment":[{"href":"https:\/\/www.turgutlurotary.org\/yeni\/wp-json\/wp\/v2\/media?parent=48"}],"curies":[{"name":"wp","href":"https:\/\/api.w.org\/{rel}","templated":true}]}}