{"id":218,"date":"2011-04-07T20:03:27","date_gmt":"2011-04-07T20:03:27","guid":{"rendered":"http:\/\/www.turgutlurotary.org\/yeni\/?page_id=218"},"modified":"2022-04-15T11:12:51","modified_gmt":"2022-04-15T11:12:51","slug":"engelliler-evi-projemiz","status":"publish","type":"page","link":"https:\/\/www.turgutlurotary.org\/yeni\/engelliler-evi-projemiz\/","title":{"rendered":"ENGELL\u0130LER EV\u0130 PROJEM\u0130Z"},"content":{"rendered":"<div class=\"mceTemp\"><a href=\"https:\/\/www.turgutlurotary.org\/yeni\/wp-content\/uploads\/2011\/04\/TURGUTLU-ROTARY-ENGELL\u0130LER-EV\u0130-PROJES\u0130.pdf\" target=\"_blank\" rel=\"noopener\">TURGUTLU ROTARY ENGELL\u0130LER EV\u0130 PROJES\u0130<\/a><\/div>\n<div class=\"mceTemp\">Engelliler Evi Projemizin Ayr\u0131nt\u0131l\u0131 Sunumuna Yukar\u0131daki Linkden Ula\u015fabilirsiniz<\/div>\n<div id=\"attachment_221\" style=\"width: 310px\" class=\"wp-caption alignnone\"><a href=\"https:\/\/www.turgutlurotary.org\/yeni\/wp-content\/uploads\/2011\/04\/engelliler-dernegi-acilis-006.jpg\"><img loading=\"lazy\" decoding=\"async\" aria-describedby=\"caption-attachment-221\" class=\"size-medium wp-image-221\" title=\"engelliler dernegi acilis 006\" src=\"https:\/\/www.turgutlurotary.org\/yeni\/wp-content\/uploads\/2011\/04\/engelliler-dernegi-acilis-006-300x224.jpg\" alt=\"\" width=\"300\" height=\"224\" srcset=\"https:\/\/www.turgutlurotary.org\/yeni\/wp-content\/uploads\/2011\/04\/engelliler-dernegi-acilis-006-300x224.jpg 300w, https:\/\/www.turgutlurotary.org\/yeni\/wp-content\/uploads\/2011\/04\/engelliler-dernegi-acilis-006.jpg 448w\" sizes=\"auto, (max-width: 300px) 100vw, 300px\" \/><\/a><p id=\"caption-attachment-221\" class=\"wp-caption-text\">Turgutlu Engelliler Derne\u011fi Engelliler Evi Projemiz Rahmetli Rtn.H\u0131fz\u0131 \u00c7IKIKCI an\u0131s\u0131na ithaf edilmi\u015ftir<\/p><\/div>\n<div id=\"attachment_222\" style=\"width: 310px\" class=\"wp-caption alignnone\"><a href=\"https:\/\/www.turgutlurotary.org\/yeni\/wp-content\/uploads\/2011\/04\/engelliler-dernegi-acilis-038.jpg\"><img loading=\"lazy\" decoding=\"async\" aria-describedby=\"caption-attachment-222\" class=\"size-medium wp-image-222\" title=\"engelliler dernegi acilis 038\" src=\"https:\/\/www.turgutlurotary.org\/yeni\/wp-content\/uploads\/2011\/04\/engelliler-dernegi-acilis-038-300x224.jpg\" alt=\"\" width=\"300\" height=\"224\" srcset=\"https:\/\/www.turgutlurotary.org\/yeni\/wp-content\/uploads\/2011\/04\/engelliler-dernegi-acilis-038-300x224.jpg 300w, https:\/\/www.turgutlurotary.org\/yeni\/wp-content\/uploads\/2011\/04\/engelliler-dernegi-acilis-038.jpg 448w\" sizes=\"auto, (max-width: 300px) 100vw, 300px\" \/><\/a><p id=\"caption-attachment-222\" class=\"wp-caption-text\">Engeliler Evini Gururla ve Turgutlu'ya hizmet a\u015fk\u0131yla a\u00e7t\u0131k<\/p><\/div>\n<div id=\"attachment_223\" style=\"width: 310px\" class=\"wp-caption alignnone\"><a href=\"https:\/\/www.turgutlurotary.org\/yeni\/wp-content\/uploads\/2011\/04\/engelliler-dernegi-acilis-014.jpg\"><img loading=\"lazy\" decoding=\"async\" aria-describedby=\"caption-attachment-223\" class=\"size-medium wp-image-223\" title=\"engelliler dernegi acilis 014\" src=\"https:\/\/www.turgutlurotary.org\/yeni\/wp-content\/uploads\/2011\/04\/engelliler-dernegi-acilis-014-300x224.jpg\" alt=\"\" width=\"300\" height=\"224\" srcset=\"https:\/\/www.turgutlurotary.org\/yeni\/wp-content\/uploads\/2011\/04\/engelliler-dernegi-acilis-014-300x224.jpg 300w, https:\/\/www.turgutlurotary.org\/yeni\/wp-content\/uploads\/2011\/04\/engelliler-dernegi-acilis-014.jpg 448w\" sizes=\"auto, (max-width: 300px) 100vw, 300px\" \/><\/a><p id=\"caption-attachment-223\" class=\"wp-caption-text\">A\u00e7\u0131l\u0131\u015f\u0131m\u0131za Manisa Valimiz , \u0130l\u00e7e Kaymakam\u0131m\u0131z , Belediye Ba\u015fkan\u0131m\u0131z ve di\u011fer m\u00fclki amirler kat\u0131ld\u0131lar.<\/p><\/div>\n<div id=\"attachment_224\" style=\"width: 310px\" class=\"wp-caption alignnone\"><a href=\"https:\/\/www.turgutlurotary.org\/yeni\/wp-content\/uploads\/2011\/04\/engelliler-dernegi-acilis-016.jpg\"><img loading=\"lazy\" decoding=\"async\" aria-describedby=\"caption-attachment-224\" class=\"size-medium wp-image-224\" title=\"engelliler dernegi acilis 016\" src=\"https:\/\/www.turgutlurotary.org\/yeni\/wp-content\/uploads\/2011\/04\/engelliler-dernegi-acilis-016-300x224.jpg\" alt=\"\" width=\"300\" height=\"224\" srcset=\"https:\/\/www.turgutlurotary.org\/yeni\/wp-content\/uploads\/2011\/04\/engelliler-dernegi-acilis-016-300x224.jpg 300w, https:\/\/www.turgutlurotary.org\/yeni\/wp-content\/uploads\/2011\/04\/engelliler-dernegi-acilis-016.jpg 448w\" sizes=\"auto, (max-width: 300px) 100vw, 300px\" \/><\/a><p id=\"caption-attachment-224\" class=\"wp-caption-text\">Sevgili engelli karde\u015flerimizin sevincini birlikte ya\u015fad\u0131k<\/p><\/div>\n<div id=\"attachment_225\" style=\"width: 310px\" class=\"wp-caption alignnone\"><a href=\"https:\/\/www.turgutlurotary.org\/yeni\/wp-content\/uploads\/2011\/04\/engelliler-dernegi-acilis-034.jpg\"><img loading=\"lazy\" decoding=\"async\" aria-describedby=\"caption-attachment-225\" class=\"size-medium wp-image-225\" title=\"engelliler dernegi acilis 034\" src=\"https:\/\/www.turgutlurotary.org\/yeni\/wp-content\/uploads\/2011\/04\/engelliler-dernegi-acilis-034-300x224.jpg\" alt=\"\" width=\"300\" height=\"224\" srcset=\"https:\/\/www.turgutlurotary.org\/yeni\/wp-content\/uploads\/2011\/04\/engelliler-dernegi-acilis-034-300x224.jpg 300w, https:\/\/www.turgutlurotary.org\/yeni\/wp-content\/uploads\/2011\/04\/engelliler-dernegi-acilis-034.jpg 448w\" sizes=\"auto, (max-width: 300px) 100vw, 300px\" \/><\/a><p id=\"caption-attachment-225\" class=\"wp-caption-text\">Art\u0131k engelli karde\u015flerimizin de brilikte olabilecekleri , faaliyetlerde bukunabilecekleri kendilerine ait bir evleri var<\/p><\/div>\n<div id=\"attachment_226\" style=\"width: 310px\" class=\"wp-caption alignnone\"><a href=\"https:\/\/www.turgutlurotary.org\/yeni\/wp-content\/uploads\/2011\/04\/IMGA0907.jpg\"><img loading=\"lazy\" decoding=\"async\" aria-describedby=\"caption-attachment-226\" class=\"size-medium wp-image-226\" title=\"IMGA0907\" src=\"https:\/\/www.turgutlurotary.org\/yeni\/wp-content\/uploads\/2011\/04\/IMGA0907-300x227.jpg\" alt=\"\" width=\"300\" height=\"227\" srcset=\"https:\/\/www.turgutlurotary.org\/yeni\/wp-content\/uploads\/2011\/04\/IMGA0907-300x227.jpg 300w, https:\/\/www.turgutlurotary.org\/yeni\/wp-content\/uploads\/2011\/04\/IMGA0907.jpg 443w\" sizes=\"auto, (max-width: 300px) 100vw, 300px\" \/><\/a><p id=\"caption-attachment-226\" class=\"wp-caption-text\">Engelliler derne\u011fi ba\u015fkan\u0131 Aysel Han\u0131mefendi bizlere ve ba\u015fkan\u0131m\u0131za te\u015fekk\u00fcr etti ve birlikte \u00e7al\u0131\u015fmaktan mutluluk duyacaklar\u0131n\u0131 ifade etti.<\/p><\/div>\n<p><a href=\"https:\/\/www.turgutlurotary.org\/yeni\/wp-content\/uploads\/2011\/04\/TURGUTLU-ROTARY-ENGELL\u0130LER-EV\u0130-PROJES\u0130.pdf\" target=\"_blank\" rel=\"noopener\">TURGUTLU ROTARY ENGELL\u0130LER EV\u0130 PROJES\u0130<\/a><\/p>\n","protected":false},"excerpt":{"rendered":"<p>TURGUTLU ROTARY ENGELL\u0130LER EV\u0130 PROJES\u0130 Engelliler Evi Projemizin Ayr\u0131nt\u0131l\u0131 Sunumuna Yukar\u0131daki Linkden Ula\u015fabilirsiniz TURGUTLU ROTARY ENGELL\u0130LER EV\u0130 PROJES\u0130<\/p>\n","protected":false},"author":8,"featured_media":0,"parent":0,"menu_order":23,"comment_status":"open","ping_status":"closed","template":"","meta":{"footnotes":""},"class_list":["post-218","page","type-page","status-publish","hentry"],"_links":{"self":[{"href":"https:\/\/www.turgutlurotary.org\/yeni\/wp-json\/wp\/v2\/pages\/218","targetHints":{"allow":["GET"]}}],"collection":[{"href":"https:\/\/www.turgutlurotary.org\/yeni\/wp-json\/wp\/v2\/pages"}],"about":[{"href":"https:\/\/www.turgutlurotary.org\/yeni\/wp-json\/wp\/v2\/types\/page"}],"author":[{"embeddable":true,"href":"https:\/\/www.turgutlurotary.org\/yeni\/wp-json\/wp\/v2\/users\/8"}],"replies":[{"embeddable":true,"href":"https:\/\/www.turgutlurotary.org\/yeni\/wp-json\/wp\/v2\/comments?post=218"}],"version-history":[{"count":8,"href":"https:\/\/www.turgutlurotary.org\/yeni\/wp-json\/wp\/v2\/pages\/218\/revisions"}],"predecessor-version":[{"id":922,"href":"https:\/\/www.turgutlurotary.org\/yeni\/wp-json\/wp\/v2\/pages\/218\/revisions\/922"}],"wp:attachment":[{"href":"https:\/\/www.turgutlurotary.org\/yeni\/wp-json\/wp\/v2\/media?parent=218"}],"curies":[{"name":"wp","href":"https:\/\/api.w.org\/{rel}","templated":true}]}}